{"id":1366,"date":"2020-08-17T10:33:21","date_gmt":"2020-08-17T01:03:21","guid":{"rendered":"https:\/\/lod.cdu.edu.au\/?page_id=1366"},"modified":"2020-08-17T10:53:45","modified_gmt":"2020-08-17T01:23:45","slug":"people","status":"publish","type":"page","link":"https:\/\/lod.cdu.edu.au\/index.php\/people\/","title":{"rendered":"People"},"content":{"rendered":"<p><strong>Cathy Bow<\/strong><\/p>\n<p>Cathy Bow is a linguist with research experience in both descriptive and applied linguistics. She has described the sound system of an African language, investigated language development in children with impaired hearing, explored endangered language documentation, and researched the language and communication needs of international medical graduates. Cathy has worked as a teacher of English as an Additional Language, and as a trainer and coach for language learners. She currently works as project manager for the\u00a0<a href=\"http:\/\/www.cdu.edu.au\/laal\">Living Archive of Aboriginal Languages<\/a>, and is currently completing her PhD in digital technologies and Aboriginal languages.<\/p>\n<p><strong>Yasunori Hayashi<\/strong><\/p>\n<p align=\"justify\">Yasunori Hayashi is a coordinator of Yol\u014bu Studies at Charles Darwin University. His background is in community education, community development and cross-cultural and cross-linguistic communication. His research interest involves collaborative work with Yol\u014bu knowledge authorities in East Arnhemland in the area of Yol\u014bu governance and decision making process, which he believes, embedded in Yol\u014bu worldview and its value, including the use of Yol\u014bu languages.<\/p>\n<p><strong>Jennifer Macdonald<\/strong><\/p>\n<p>Jennifer is a Research Associate with the Northern Institute.\u00a0Her work\u00a0 involves working from the \u2018Ground Up\u2019 with Indigenous knowledge authorities. This involves collaborative research for policy development, engaging with Indigenous people, government and service providers. The current project is focused on remote government engagement and coordination and she is working specifically with local Indigenous researchers in Ngukurr.<\/p>\n<p><strong>Leonie Norrington<\/strong><\/p>\n<p>Leonie Norrington has grown up in Arnhemland in a mixed cultural environment. She has published children\u2019s books, set in remote communities and written in a combination of English, Kriol, and other Indigenous languages. Norrington has remarked: \u201cI am interested in where cultures and languages meet, especially how people use language and story to bridge cultural differences or make statements about their separateness.\u201d Her work has won (or has been shortlisted) for most Australian literary awards.<\/p>\n<p><strong>Michaela Spencer\u00a0<\/strong><\/p>\n<p align=\"justify\">Michaela is a research Fellow with the Northern Institute at Charles Darwin University.\u00a0Her current research involves working from the \u2018<a href=\"https:\/\/www.cdu.edu.au\/sites\/default\/files\/the-northern-institute\/groundup_flyer_2020.pdf\">GroundUP<\/a>\u2019 with Indigenous knowledge authorities, and differing traditions of knowledge and governance. This involves collaborative research for policy development, and engaging with government, service providers, university staff and Indigenous people in remote communities. Michaela also facilitates the <a href=\"https:\/\/www.cdu.edu.au\/sites\/default\/files\/the-northern-institute\/indig_community_based_researcher_flyer_2020.pdf\">Indigenous Community-based Researcher Micro-credential<\/a>\u00a0program\/s.<\/p>\n<p><strong>Simon West<\/strong><\/p>\n<p>Simon\u2019s research explores how people make sense of their relationships with the natural world, in an era of complex social and environmental change. In particular, Simon is interested in how these meanings shape perceptions of and responses to sustainability challenges, as well as how they are communicated and enacted through management, policy and governance.<\/p>\n","protected":false},"excerpt":{"rendered":"<p>Cathy Bow Cathy Bow is a linguist with research experience in both descriptive and applied linguistics. She has described the sound system of an African language, investigated language development in children with impaired hearing, explored endangered language documentation, and researched the language and communication needs of international medical graduates. Cathy has worked as a teacher&hellip; <br \/> <a class=\"read-more\" href=\"https:\/\/lod.cdu.edu.au\/index.php\/people\/\">Read more<\/a><\/p>\n","protected":false},"author":2,"featured_media":0,"parent":0,"menu_order":0,"comment_status":"closed","ping_status":"closed","template":"","meta":{"footnotes":""},"class_list":["post-1366","page","type-page","status-publish","hentry"],"_links":{"self":[{"href":"https:\/\/lod.cdu.edu.au\/index.php\/wp-json\/wp\/v2\/pages\/1366","targetHints":{"allow":["GET"]}}],"collection":[{"href":"https:\/\/lod.cdu.edu.au\/index.php\/wp-json\/wp\/v2\/pages"}],"about":[{"href":"https:\/\/lod.cdu.edu.au\/index.php\/wp-json\/wp\/v2\/types\/page"}],"author":[{"embeddable":true,"href":"https:\/\/lod.cdu.edu.au\/index.php\/wp-json\/wp\/v2\/users\/2"}],"replies":[{"embeddable":true,"href":"https:\/\/lod.cdu.edu.au\/index.php\/wp-json\/wp\/v2\/comments?post=1366"}],"version-history":[{"count":4,"href":"https:\/\/lod.cdu.edu.au\/index.php\/wp-json\/wp\/v2\/pages\/1366\/revisions"}],"predecessor-version":[{"id":1371,"href":"https:\/\/lod.cdu.edu.au\/index.php\/wp-json\/wp\/v2\/pages\/1366\/revisions\/1371"}],"wp:attachment":[{"href":"https:\/\/lod.cdu.edu.au\/index.php\/wp-json\/wp\/v2\/media?parent=1366"}],"curies":[{"name":"wp","href":"https:\/\/api.w.org\/{rel}","templated":true}]}}